 - -2). Let k = v - y. What is the hundreds digit of k?
1
Let b = 541 - 541. Suppose b = 10*g - 18094 + 6274. What is the units digit of g?
2
What is the hundreds digit of 59/(3363/(-1862))*(0 - (-2727)/(-6))?
8
Let p(o) = -89*o - 339. What is the hundreds digit of p(-18)?
2
Suppose -108*t + 111*t = 15. Suppose -t*n = 263 - 2703. What is the units digit of n?
8
Let k(d) = d**3 + 8*d**2 - 3. Let v be k(-7). Let b = -130 - -141. Let l = v + b. What is the units digit of l?
7
Let h be (-5949)/(-5) - (-52)/(-65). Let o = h - 597. What is the hundreds digit of o?
5
Suppose 0*t = -7*t + 105. Let x(d) = d - 6. Let k be x(t). Suppose 0*p - 9 = -k*p. What is the units digit of p?
1
Suppose -8*d = -4*d - 12. Suppose 10 = d*n - 5. Suppose n*m - 62 = 3*h, -40 = -3*m + 5*h + 10. What is the units digit of m?
0
Suppose 0 = 45*k - 40*k - 8505. Suppose -13*x + 1991 = -k. What is the units digit of x?
4
Let j = 122 - 87. What is the tens digit of (3 + 329/j)*5*4?
4
Let i(d) = 7*d - 24. Let l be i(4). Let h be -4 + 5 + -3 + l. Suppose -2*j - h*n = -530, j - 56 = -2*n + 206. What is the hundreds digit of j?
2
Let t(y) = -10*y + 10*y**2 + y**3 + 2 - 2*y**3 + 4 + 1. Let u be t(10). Let b = 133 + u. What is the tens digit of b?
4
Let r = 7624 + -5488. What is the thousands digit of r?
2
Let o = 13373 - 9905. What is the tens digit of o?
6
Let k(z) = 1885*z - 274. Let c(d) = 377*d - 55. Let u(l) = -11*c(l) + 2*k(l). What is the tens digit of u(-4)?
6
Let v = -337 + 474. Let t = 144 - v. Suppose y - 68 = t. What is the tens digit of y?
7
Suppose 17*s + 12*s + 759920 = 49*s. What is the hundreds digit of s?
9
Suppose t + 158 = -5*c, 2*c = -5*t - c - 790. Let y = t + 227. Suppose -4*r + 315 = -3*h, r - 2*h = 2*h + y. What is the units digit of r?
1
Let h be (-36)/63 + 0 - 4110/(-14). Let u = h - 22. What is the units digit of u?
1
Suppose -42*y + 507762 = 24*y - 134022. What is the tens digit of y?
2
Suppose -275*l = -9010116 + 2808316. What is the thousands digit of l?
2
Let y be -1 + (-2 - -5623) + -2 + -2. Suppose -6*x = 20*x - y. What is the units digit of x?
6
Let q be (657/12 - 2)/((-10)/40). Let g = 298 + q. Suppose -10*b = -443 - g. What is the tens digit of b?
5
Let s(o) = 2*o**2 + 9*o + 3. Let r(y) = -2*y**2 - 8*y - 3. Let b(n) = -6*r(n) - 5*s(n). Let z be b(-1). What is the tens digit of 137/(z*-1 - (-10 + 7))?
3
Suppose -c = 0, 5*v + 3*c - 6 = 4. Suppose 3*s + v*o - 150 = 545, 0 = 5*s + o - 1149. What is the tens digit of s?
2
Let z = -131 - -139. Suppose -1290 = -z*p - 346. What is the units digit of p?
8
Let w(d) = 4*d**2 - 4*d + 1. Let a(y) = 12*y**2 - 12*y + 3. Let g(t) = 4*a(t) - 11*w(t). Let v be (-39)/13*(-1 + 3)/2. What is the units digit of g(v)?
9
Suppose -68*m - 44068 + 409146 = -54*m. What is the hundreds digit of m?
0
Let a = 27 + -24. Suppose -10 = -a*s + 53. What is the tens digit of (s/5)/(54/180)?
1
Suppose 2*b - 3*h + 246 = 0, 2*b = -4*h + 4 - 222. Let q = 395 + b. What is the hundreds digit of q?
2
Let l(i) = i**2 - 27*i - 819. What is the thousands digit of l(-38)?
1
Let u = -94 - -113. Suppose 34 = 5*q - n, 0 = 5*q + u*n - 18*n - 26. What is the units digit of q?
6
Suppose -3*y + 4*o + 7 = 9, -5*o = -5*y. Suppose -23 + 15 = -y*h. Suppose h*u - x + 2*x - 469 = 0, 0 = -4*u + x + 475. What is the units digit of u?
8
Let f = 233 + -235. What is the units digit of f + -1 + (485 - 29)?
3
Suppose 65*a + 3742740 = 159*a + 86*a. What is the units digit of a?
3
Let j = -435 + 438. What is the tens digit of (j/(-5))/(69/(-230)) - -498?
0
Suppose -221*f - 50 = -226*f. What is the tens digit of 3170/f*(-7 + 12)?
8
Suppose -s = -0*q + 3*q - 73422, 73404 = 3*q - 2*s. What is the hundreds digit of q?
4
Suppose -c + 17400 = -5*b - 0*b, b - 52344 = -3*c. What is the units digit of c?
5
Let b(k) = 5*k**2 + 14*k + 30. Let v be b(-15). Suppose -v = 11*m - 12803. What is the thousands digit of m?
1
Suppose 10*c - 427879 = -17*c + 878057. What is the thousands digit of c?
8
What is the thousands digit of (-96)/(-28)*(6 - -743)?
2
What is the tens digit of ((-273)/(-819))/(2/18516 + 0)?
8
Let x = -30141 - -83136. What is the tens digit of x?
9
Let m be (14 - (-156)/(-9))*(-3)/5. Suppose 4*k = 5*y - 9288, -2*y - m*k + 7446 = 2*y. What is the hundreds digit of y?
8
Suppose -5*o + 1894 = -41. Suppose -16*v + o = -15*v. What is the hundreds digit of v?
3
Suppose -2*v - 15574 = 34*b - 38*b, b = 5*v + 3880. What is the thousands digit of b?
3
Suppose p - 2*u + 16 = 4*p, u - 13 = -4*p. Suppose p*b - 833 = -5*w, 1250 = 3*b + w + 7. What is the hundreds digit of b?
4
Suppose 5*v + 2*k = 42, -5*k + 3 = 5*v - 27. Suppose b = -2*c - 2, 2*b - c + v = -3*b. What is the tens digit of b/(-8) + 471/4 + -2?
1
Let i(t) = 4*t + 37. Let a be i(-8). Suppose -2*l = -a*m - 34 - 21, 5*m - 25 = -2*l. Suppose 7*y - 2*y + l = 0, j - y = 237. What is the units digit of j?
3
Let o = 99 + -97. What is the tens digit of 668/2 + 3 + o + -2?
3
Let n = 96 - 92. Suppose 0*v = -v - n*v. Suppose v*i + 315 = 9*i. What is the units digit of i?
5
Let q = 525 - 321. Let u(o) = -35*o**3 + 4*o + 3. Let b be u(-3). Suppose b = 10*i - q. What is the tens digit of i?
1
Suppose 0 = 5*z + 25, 5*r + z + 0*z = 5. Let o(q) = 139*q**2 - q + 2. What is the units digit of o(r)?
6
Let a = -125 - -122. What is the units digit of a/15 - ((-22302)/35 - -3)?
4
Suppose 0 = -4*t, -2*b + 7*b = 3*t + 15. Let m(q) = 2*q**3 + 0*q + 0*q + 5 + 2*q - 2*q**2 - q**3. What is the units digit of m(b)?
0
Let g = 120 + -1. Suppose g = z - 885. Suppose -188 = -q - 3*p, -p + 2*p = 5*q - z. What is the tens digit of q?
0
Let i = -130 - -225. Let c(q) = -3 + 97*q**2 - i*q**2 - q + 12. What is the units digit of c(0)?
9
Let z(v) = -4*v**2 + 19*v + 7. Let t be z(5). Suppose -3*l + 1676 = 4*f, -t*l - 620 = 2*f - 1740. What is the units digit of l?
4
Let y = 16300 - -30144. What is the units digit of y?
4
What is the hundreds digit of ((-237555)/585)/(2/(-26))?
2
Let i = 157 + -152. Suppose 3*t = i*n + 1001, n = 2*n + 1. What is the units digit of t?
2
Suppose 0 = 4*h - 0*h + 2*x - 224, -2*h + 112 = -4*x. What is the tens digit of 1107/(-6)*h/(-21)?
9
Suppose -775*w + 37102 = -762*w. What is the thousands digit of w?
2
Let o = 744 + 539. Let x = -538 + 538. Suppose -7*k + o - 429 = x. What is the tens digit of k?
2
Suppose 9*s - 210 = 465. Suppose -2*y - s = -85. Suppose -588 - 112 = -y*b. What is the tens digit of b?
4
Let y(a) be the third derivative of -11*a**4/12 + a**3/6 - 26*a**2. Let k be y(-5). Suppose o + 2*l - k = 5*l, 2*l + 516 = 5*o. What is the tens digit of o?
0
Let l be (-1 + 1)/((1 - -5)/(-6)). Suppose -o = -v + 69, -2*o = -l - 10. What is the tens digit of v?
7
Let s(h) = -h**2 + 2*h + 10. Let t be s(-3). Let r be (-511)/(-5) + 0 + 1/t. Suppose 2*c - 4*c - 4*a + r = 0, 92 = 2*c + 2*a. What is the tens digit of c?
4
Suppose -186003 = -62*j + 35*j. What is the units digit of j?
9
Let h = -8360 + 23555. What is the hundreds digit of h?
1
Suppose -b - y + 39057 = 0, 623*y - 624*y = -5*b + 195333. What is the tens digit of b?
6
What is the thousands digit of (0 - 94)/((-11)/396)?
3
Suppose 0 = y + y + 10, -5*u + 5*y = -50. What is the units digit of 121 + (3 - u) - -7?
6
Suppose 41*m - j = 43*m - 7, -3*m + 3*j = -6. Suppose 653 = m*r - 1753. What is the hundreds digit of r?
8
Suppose -8*o + 513 = -191. Suppose 0 = n - 12*n + o. Suppose 11*d = n*d + 138. What is the tens digit of d?
4
Suppose -15*s = -7*s + 8. Let z be -136 + (-5)/3 + s/3. What is the units digit of 1*4 - (1 + z/3)?
9
Suppose 7*w = 882 + 63. Let m be 3/((w/20)/9). Suppose -288 = -m*f + 244. What is the hundreds digit of f?
1
Suppose -109 = -6*l + 107. Suppose 13*a - l = a. Suppose -236 = -a*z - 2*j, 2*z = -0*z + 3*j + 166. What is the units digit of z?
0
Let z be -12 + 2 - (-9 - -5). Let g(w) = 8*w + 46. Let j be g(z). What is the units digit of (-1 - j) + 12*5/20?
4
Let f = 9 + -2. Let o = -211 - -344. Let p = o - f. What is the tens digit of p?
2
Let t = -21 + 22. Let z be 13 + -1 - (t + -1). What is the hundreds digit of (-2)/(16/z*6/(-508))?
1
Let q(u) = 3*u**3 - 80*u**2 + 5*u - 137. What is the tens digit of q(28)?
3
Let t = -2793 + 6855. What is the hundreds digit of t?
0
Let x = 16288 + -9245. What is the hundreds digit of x?
0
Let c(j) = 9800*j - 218.